second derivative of 5/12*u**4 - 1/20*u**5 - 2*u**2 + 2*u - 2/3*u**3 + 0. Let z be g(3). Calculate the greatest common divisor of 2 and z.
2
Suppose 0 = 4*g + 2*h - 61048, -g + 3*h + 5909 + 9325 = 0. Calculate the greatest common divisor of 6 and g.
6
Suppose -3*o - 113 + 137 = 0. What is the greatest common divisor of 628 and o?
4
Let q be 3/(-9*(-17)/507705). Calculate the greatest common factor of 55 and q.
55
Let n = 360 - 145. Let a(i) = -676*i + 3466. Let x be a(5). What is the highest common factor of n and x?
43
Suppose y - 1 = v, 4*y - 8 = -2*v + 7*v. Let h be ((-16)/v + -33)*-1. Let a be ((-406)/42)/((-1)/27). Calculate the highest common factor of h and a.
29
Let t = 7141 - 6689. Calculate the highest common divisor of 1243 and t.
113
Suppose 0 = -j - y - 4, 0 = -j + 4*y - 111 + 102. Let b be ((-2320)/j)/8 + -3. Let w = 17 - 7. What is the greatest common divisor of w and b?
5
Let l = -220 + 246. What is the greatest common divisor of 832 and l?
26
Let a be (152/399*(-36)/8)/(2/(-21)). Let r = 17 - 2. Let z = a - r. What is the highest common divisor of z and 24?
3
Suppose -5*x + 5 = 0, 156*b - 11 = 154*b + 3*x. What is the highest common divisor of b and 3535?
7
Suppose 4*x = -4*w + 5*x + 12, 3*x + 4 = -4*w. Suppose -w*j - 26 = -2*f - 3*j, 0 = -2*f - 4*j + 38. What is the greatest common factor of f and 11?
11
Let x be (-87)/((36/(-10))/6). Let y(w) = 2*w**3 - 2*w**2 + w - 4. Let a be y(4). Suppose a*r - 102*r = -174. What is the greatest common divisor of r and x?
29
Let o be ((-1680042)/(-6335))/(-1*1*4/(-10)). What is the greatest common factor of o and 143?
13
Suppose 4*r - 664 = -4*l, 5*l - 10*l = 4*r - 826. Suppose -26 + 2 = -4*f. What is the greatest common divisor of l and f?
6
Suppose 2*y - 3*y = -33. Suppose 4 = -4*f, 3*f = 3*q + q - 207. Suppose 2*m = q + 15. Calculate the highest common factor of m and y.
33
Let m = -1804 - -2214. Calculate the highest common factor of m and 50.
10
Let i(f) = 122*f + 5. Let h = -85 - -88. Let v be i(h). Let d = v + 34. Calculate the greatest common factor of 45 and d.
45
Let f be 4/(6 + -3 + 50/(-30)). Let h(w) = 7*w**2 + 6*w. Let s be h(f). What is the greatest common divisor of 216 and s?
27
Suppose -18*t + 49362 = 200*t - 206352. Let y be 18 - (2 + -3 + 2). Calculate the highest common factor of y and t.
17
Suppose 107*x - 2329 = 8585. What is the greatest common divisor of x and 6?
6
Suppose 5*z + 4*a = 10*z - 2007, 4*a + 395 = z. What is the greatest common divisor of z and 117?
13
Suppose 45*j - 26400 = -96*j - 35*j. What is the greatest common divisor of 12 and j?
6
Let v(y) = 2*y**2 + 30*y + 108. Let w be v(-4). What is the greatest common divisor of w and 218?
2
Let i = 580 + -532. Let a be (-932)/(-6) + i/72. Calculate the greatest common factor of a and 208.
52
Let n(g) = 13*g + 84. Let f be n(-7). Let z(x) = 6*x**2 - 18*x - 82. Let o be z(f). Calculate the greatest common factor of 26 and o.
26
Suppose -7 = -5*p + 28. Let y(j) = -3*j + 30. Let g be y(-20). Suppose g = 5*u - 5*m, -4*u - 4*m + 66 = -30. What is the greatest common factor of u and p?
7
Suppose 3*x - 3*v = -v + 8714, -3*x + 4*v = -8716. Let f be 12/10 - x/(-55). Calculate the highest common factor of f and 18.
18
Let m = 300 - 296. Suppose -10 = 2*b, 0 = -3*z + m*b + b + 79. Let h = 57 + -39. What is the greatest common divisor of z and h?
18
Suppose -7*o + 19 = 2*n - 4*o, 4*o = 20. Suppose -45*l + 5 = 5*x - 42*l, -2*x + 4*l = -n. Calculate the greatest common factor of x and 3.
1
Suppose 2*s = 3*s - 23. Let d(o) = o**3 + 8*o**2 + 5*o + 8. Let v be d(-6). Suppose 18*b - 364 = v. Calculate the highest common factor of s and b.
23
Suppose 50*q - 46*q = 424. Let p = q + -20. Let x = 103 - p. What is the greatest common factor of 187 and x?
17
Let d(n) = n - 6. Let q be d(-5). Suppose -k - o = 9, o - 21 = 2*k + 2*k. Let j be (q/2 - 2)*k. What is the greatest common factor of j and 5?
5
Let w(a) = 3*a**3 - 48*a**2 - 49*a - 34. Let t be w(17). Suppose 4*r + t*s = -2*s + 254, -2 = 2*s. What is the greatest common divisor of r and 176?
16
Suppose -118*a = 4*n - 120*a - 9170, -a + 9149 = 4*n. Calculate the highest common divisor of 231 and n.
21
Let f be 4/(-46) - 159264/(-3312). Suppose 4*i - 217 = -2*c + 3*i, -4*c + 4*i = -428. Calculate the greatest common divisor of f and c.
12
Suppose -y - 4*o - 5 = 0, -3*y - 118*o = -121*o + 45. Suppose -54 + 142 = 4*p. Let q = p + y. Calculate the highest common divisor of q and 18.
9
Let i(x) = -3*x**3 - 7*x**2 + 9*x + 26. Let o be i(-6). Let c = -249 + o. Calculate the highest common factor of 7 and c.
7
Let n = -1228 + 2608. Suppose 3*l - n - 30 = 0. Let a = l + -182. What is the greatest common factor of a and 12?
12
Let i = -55 - -70. Suppose i*w = 11*w + 244. Let m = -45 + w. Calculate the greatest common factor of m and 16.
16
Let h(y) = -y**3 - y**2 - 78*y - 309. Let p be h(-4). Calculate the greatest common divisor of 51 and p.
51
Suppose -326*v + 99076 = -104348. What is the greatest common factor of v and 2080?
208
Suppose 82*m - 97*m - 192 = -882. What is the greatest common divisor of 5198 and m?
46
Suppose -2*t = -5*m - 10 - 15, 0 = -4*m - 20. Suppose -3*w + 122 + 334 = t. What is the greatest common divisor of w and 38?
38
Let w = 34 - 31. Suppose -54 = -y + w*h, 3*y + 4*h = 8*y - 248. Let m be (y/(-60))/((-2)/10). Calculate the highest common factor of m and 1.
1
Let r(m) = -m**3 - 5*m**2 - 9*m + 3. Let l(s) = s - 1. Let c(j) = -5*l(j) + r(j). Let q be c(-3). Calculate the highest common factor of q and 256.
32
Suppose 4*a = 1040 - 984. Let j(m) = -7*m - 2 + 3*m**3 - 3*m**2 - 2*m**3 + m**3. Let s be j(6). Calculate the greatest common factor of a and s.
14
Suppose 349*g = 184*g + 176*g - 132. Calculate the highest common factor of g and 24324.
12
Suppose 3*j + j - 68 = -4*g, 3*g - 53 = -4*j. Let h = 113 + -211. Let w be -1*(h - 4) + 3. Calculate the highest common divisor of g and w.
15
Let l(h) = -h**3 + 6*h**2 + 2*h. Let f be l(5). Suppose -22*s - 3135 = 4741. Let k = -253 - s. What is the highest common factor of f and k?
35
Let x(o) = 17*o**2 + 7*o - 20. Let t be x(-6). What is the highest common factor of t and 25?
25
Let a(m) = 7*m**2 + 7*m + 11. Let k be a(-2). What is the greatest common divisor of k and 80?
5
Let j = 14605 - -14843. Calculate the greatest common factor of j and 72.
72
Let v = 10551 - 4871. What is the highest common divisor of 32 and v?
16
Let b = -46 + -2. Let k be (-2)/((b/894)/4). Let j = k + -117. What is the highest common factor of j and 4?
4
Let z(x) = x**2 + 25*x + 18. Let c be z(-24). Let p(o) = 2*o**2 + 2*o - 16. Let u be p(c). Calculate the greatest common divisor of u and 44.
44
Let o = 7221 - 7113. Calculate the highest common divisor of 186 and o.
6
Suppose 0 = -2*x - 5*u + 4121, -5*x + 2553 = 5*u - 7772. Calculate the highest common factor of x and 2444.
188
Let t be (10/(-6))/(172/(-6192)). What is the greatest common divisor of 1240 and t?
20
Suppose 1 = -2*z + 3, 3*x = -z + 31. Suppose x = 4*k - 6, -t = -5*k - 45. Suppose 143 = 11*p - 0*p. Calculate the greatest common divisor of p and t.
13
Let n be (-28)/(-6)*(-20 - -21 - -14). What is the highest common factor of n and 1750?
70
Suppose n - r - 31 = 0, -6*n + 4*n - 4*r = -56. Let i(w) = -n + 32 - 7*w + 109*w. Let x be i(1). What is the greatest common factor of x and 26?
26
Let q(o) be the third derivative of o**4/12 + 11*o**3/6 - 34*o**2. Let v be q(23). What is the greatest common divisor of 38 and v?
19
Let t(y) = -39*y + 5. Let q be t(-5). Suppose -3*s - 4*c + 166 = 0, 5*s + 5*c - 70 = q. Calculate the highest common factor of 100 and s.
50
Let m(j) = 313*j - 3. Let k be m(1). Let p = k + -234. What is the highest common divisor of 266 and p?
38
Let z = -11554 - -12823. Calculate the greatest common divisor of 63 and z.
9
Suppose m + 693 = -5*o, 2*o + 3*o - 5*m = -675. Let q = 148 + o. What is the highest common factor of 160 and q?
10
Let t(r) = r**2 - 1. Let y(p) = 6*p**2 - 11*p + 20. Let h(i) = -5*t(i) + y(i). Let k be h(8). What is the highest common divisor of k and 1?
1
Let u = -42 - -79. Let f(s) = 13*s - 15. Let h be f(-10). Let m = 293 + h. What is the highest common divisor of u and m?
37
Let s = 6502 - 4401. Calculate the highest common factor of s a